{"version":"1.0","provider_name":"Minist\u00e9rio Internacional Filad\u00e9lfia","provider_url":"https:\/\/iemif.com.br\/sitenovo","title":"Palestinos de Gaza se Rebelam Contra Hamas - Minist\u00e9rio Internacional Filad\u00e9lfia","type":"rich","width":600,"height":338,"html":"<blockquote class=\"wp-embedded-content\" data-secret=\"KzrWdKys1o\"><a href=\"https:\/\/iemif.com.br\/sitenovo\/artigo\/palestinos-de-gaza-se-rebelam-contra-hamas\/\">Palestinos de Gaza se Rebelam Contra Hamas<\/a><\/blockquote><iframe sandbox=\"allow-scripts\" security=\"restricted\" src=\"https:\/\/iemif.com.br\/sitenovo\/artigo\/palestinos-de-gaza-se-rebelam-contra-hamas\/embed\/#?secret=KzrWdKys1o\" width=\"600\" height=\"338\" title=\"&#8220;Palestinos de Gaza se Rebelam Contra Hamas&#8221; &#8212; Minist\u00e9rio Internacional Filad\u00e9lfia\" data-secret=\"KzrWdKys1o\" frameborder=\"0\" marginwidth=\"0\" marginheight=\"0\" scrolling=\"no\" class=\"wp-embedded-content\"><\/iframe><script type=\"text\/javascript\">\n\/*! This file is auto-generated *\/\n!function(c,d){\"use strict\";var e=!1,o=!1;if(d.querySelector)if(c.addEventListener)e=!0;if(c.wp=c.wp||{},c.wp.receiveEmbedMessage);else if(c.wp.receiveEmbedMessage=function(e){var t=e.data;if(!t);else if(!(t.secret||t.message||t.value));else if(\/[^a-zA-Z0-9]\/.test(t.secret));else{for(var r,s,a,i=d.querySelectorAll('iframe[data-secret=\"'+t.secret+'\"]'),n=d.querySelectorAll('blockquote[data-secret=\"'+t.secret+'\"]'),o=new RegExp(\"^https?:$\",\"i\"),l=0;l<n.length;l++)n[l].style.display=\"none\";for(l=0;l<i.length;l++)if(r=i[l],e.source!==r.contentWindow);else{if(r.removeAttribute(\"style\"),\"height\"===t.message){if(1e3<(s=parseInt(t.value,10)))s=1e3;else if(~~s<200)s=200;r.height=s}if(\"link\"===t.message)if(s=d.createElement(\"a\"),a=d.createElement(\"a\"),s.href=r.getAttribute(\"src\"),a.href=t.value,!o.test(a.protocol));else if(a.host===s.host)if(d.activeElement===r)c.top.location.href=t.value}}},e)c.addEventListener(\"message\",c.wp.receiveEmbedMessage,!1),d.addEventListener(\"DOMContentLoaded\",t,!1),c.addEventListener(\"load\",t,!1);function t(){if(o);else{o=!0;for(var e,t,r,s=-1!==navigator.appVersion.indexOf(\"MSIE 10\"),a=!!navigator.userAgent.match(\/Trident.*rv:11\\.\/),i=d.querySelectorAll(\"iframe.wp-embedded-content\"),n=0;n<i.length;n++){if(!(r=(t=i[n]).getAttribute(\"data-secret\")))r=Math.random().toString(36).substr(2,10),t.src+=\"#?secret=\"+r,t.setAttribute(\"data-secret\",r);if(s||a)(e=t.cloneNode(!0)).removeAttribute(\"security\"),t.parentNode.replaceChild(e,t);t.contentWindow.postMessage({message:\"ready\",secret:r},\"*\")}}}}(window,document);\n<\/script>\n","thumbnail_url":"https:\/\/iemif.com.br\/sitenovo\/wp-content\/uploads\/2019\/11\/20140805093806.jpg","thumbnail_width":640,"thumbnail_height":640,"description":"Ap\u00f3s dias de cerco israelense na Faixa de Gaza, come\u00e7am a aparecer as primeiras rachaduras na homogeniedade palestina em Gaza, meios de comunica\u00e7\u00e3o \u00e1rabes declaram que um incidente ocorrido ontem na Faixa de Gaza demonstrou os primeiros sinais de insatisfa\u00e7\u00e3o da popula\u00e7\u00e3o de Gaza com o Hamas. &nbsp;Ap&oacute;s dias de cerco israelense na Faixa de..."}

Ministério Internacional Filadélfia

Palestinos de Gaza se Rebelam Contra Hamas - Ministério Internacional Filadélfia

<blockquote class="wp-embedded-content" data-secret="KzrWdKys1o"><a href="https://iemif.com.br/sitenovo/artigo/palestinos-de-gaza-se-rebelam-contra-hamas/">Palestinos de Gaza se Rebelam Contra Hamas</a></blockquote><iframe sandbox="allow-scripts" security="restricted" src="https://iemif.com.br/sitenovo/artigo/palestinos-de-gaza-se-rebelam-contra-hamas/embed/#?secret=KzrWdKys1o" width="600" height="338" title="&#8220;Palestinos de Gaza se Rebelam Contra Hamas&#8221; &#8212; Ministério Internacional Filadélfia" data-secret="KzrWdKys1o" frameborder="0" marginwidth="0" marginheight="0" scrolling="no" class="wp-embedded-content"></iframe><script type="text/javascript">
/*! This file is auto-generated */
!function(c,d){"use strict";var e=!1,o=!1;if(d.querySelector)if(c.addEventListener)e=!0;if(c.wp=c.wp||{},c.wp.receiveEmbedMessage);else if(c.wp.receiveEmbedMessage=function(e){var t=e.data;if(!t);else if(!(t.secret||t.message||t.value));else if(/[^a-zA-Z0-9]/.test(t.secret));else{for(var r,s,a,i=d.querySelectorAll('iframe[data-secret="'+t.secret+'"]'),n=d.querySelectorAll('blockquote[data-secret="'+t.secret+'"]'),o=new RegExp("^https?:$","i"),l=0;l<n.length;l++)n[l].style.display="none";for(l=0;l<i.length;l++)if(r=i[l],e.source!==r.contentWindow);else{if(r.removeAttribute("style"),"height"===t.message){if(1e3<(s=parseInt(t.value,10)))s=1e3;else if(~~s<200)s=200;r.height=s}if("link"===t.message)if(s=d.createElement("a"),a=d.createElement("a"),s.href=r.getAttribute("src"),a.href=t.value,!o.test(a.protocol));else if(a.host===s.host)if(d.activeElement===r)c.top.location.href=t.value}}},e)c.addEventListener("message",c.wp.receiveEmbedMessage,!1),d.addEventListener("DOMContentLoaded",t,!1),c.addEventListener("load",t,!1);function t(){if(o);else{o=!0;for(var e,t,r,s=-1!==navigator.appVersion.indexOf("MSIE 10"),a=!!navigator.userAgent.match(/Trident.*rv:11\./),i=d.querySelectorAll("iframe.wp-embedded-content"),n=0;n<i.length;n++){if(!(r=(t=i[n]).getAttribute("data-secret")))r=Math.random().toString(36).substr(2,10),t.src+="#?secret="+r,t.setAttribute("data-secret",r);if(s||a)(e=t.cloneNode(!0)).removeAttribute("security"),t.parentNode.replaceChild(e,t);t.contentWindow.postMessage({message:"ready",secret:r},"*")}}}}(window,document);
</script>

Após dias de cerco israelense na Faixa de Gaza, começam a aparecer as primeiras rachaduras na homogeniedade palestina em Gaza, meios de comunicação árabes declaram que um incidente ocorrido ontem na Faixa de Gaza demonstrou os primeiros sinais de insatisfação da população de Gaza com o Hamas. &nbsp;Ap&oacute;s dias de cerco israelense na Faixa de...
